e 10 - (1 + 17) - 3.
-11
What is the value of 1 - (-3 - (6 - 5))?
5
What is (2 - (-1 - -4)) + 4 + 2?
5
(6 - 6) + -4 - 2
-6
What is (-5 - -4) + 12 - 8?
3
-4 + -1 + -2 + 1 + 4
-2
Evaluate 5 + 2 + -3 + 0 + 0.
4
What is 0 - (-13 - (-9 + 3))?
7
-14 - -10 - 8 - -5
-7
Evaluate -12 + 8 + 0 + 5 + 0.
1
Evaluate -1 - ((-13 - -6) + 1).
5
Evaluate (9 - 3) + -3 - 1.
2
Calculate (-5 - (-3 - 3)) + (5 - 8).
-2
What is -14 + -5 + 9 + -5 + 7?
-8
Calculate (-12 - (-6 - 1) - -6) + -1.
0
Calculate -1 - (0 + (-12 + 7 - -3)).
1
What is (-4 - (0 - (5 + -1))) + 5?
5
Evaluate 4 + -100 + 104 + 0 + -11.
-3
Evaluate -4 + 7 - 0 - 0.
3
What is the value of -6 + (8 - 2) - (-4 - -3)?
1
Evaluate 20 + -16 - (2 + 0).
2
Calculate -1 + -1 + (6 - 8).
-4
Evaluate -5 - (10 - (-5 - -15)).
-5
(-10 - ((-6 - -3) + 0)) + 6
-1
What is the value of -95 + 94 - (-7 + 1)?
5
6 - ((-9 - -6) + 11)
-2
Evaluate 6 - (1 + 1) - 4.
0
Calculate -5 - (8 + (8 - 12) + -1).
-8
Calculate -12 - -8 - (-3 + 1 - 0).
-2
Evaluate 4 + -11 - 0 - -11.
4
What is (-3 - 0) + (13 - 11) + 4?
3
Calculate 4 - (-2 - (-11 - -2 - 3)).
-6
Evaluate -8 + 20 + -4 + -9.
-1
Evaluate 1 + 4 - (-11 - -19).
-3
Evaluate 5 + -7 + 1 + -1 + -5.
-7
Evaluate (3 + -4 + -3 - -1) + 8.
5
11 - 1 - 2 - 4
4
Calculate (-5 - -7) + 1 + 2.
5
-3 - -6 - (1 + 3)
-1
Calculate (0 - 3) + 10 - 8.
-1
Calculate 3 + ((7 - -3) + -4 - 8).
1
What is (-1 - 6) + 1 + -1 + 3?
-4
What is the value of -5 + 1 - (-1 - -3 - 7)?
1
-25 - -24 - -6 - (5 - 1)
1
1 + 2 + -10 + 3
-4
Evaluate 6 + -1 - (-1 - -8).
-2
What is the value of -4 - (2 - (4 - (3 + -2)))?
-3
What is the value of -2 + (0 - (-5 + 1)) - -5?
7
What is 9 + (-11 - (8 + -13))?
3
Evaluate -10 + 2 + 1 + 2.
-5
Calculate -1 + 3 + (7 - 9) + -6.
-6
Evaluate 1 - 2 - (6 + (-3 - -4)).
-8
2 + -7 - (73 + -69)
-9
What is 4 - ((3 - 1 - 0) + -1)?
3
Evaluate (-1 - -5) + -16 + 12.
0
What is (1 - 2) + (1 - (2 - 0))?
-2
(4 - (7 + -3 - -2)) + -3
-5
What is the value of 4 - (14 + (-2 - 8))?
0
Calculate -1 - 3 - (10 + -12) - -7.
5
What is 2 - (-4 + 12 - 4)?
-2
(-5 - (-8 + 2)) + (-2 - 1)
-2
What is the value of -4 + 0 + 2 + (7 - -2)?
7
What is 2 - ((0 - 1) + -1)?
4
What is the value of 9 + (6 - 3) + -7?
5
What is 4 + 7 + -1 + -7?
3
-3 + 10 + -6 + 2 + 0
3
What is -13 - 2 - -8 - (-3 - 0)?
-4
-7 + (2 - (-4 - -5))
-6
Calculate (-5 - -9) + -2 + -2.
0
What is the value of -8 + 1 + 0 + -60 + 61?
-6
What is -4 - (-3 + 0 + -1)?
0
Evaluate 1 + 2 + (-6 - (6 - 9)).
0
What is the value of 2 + 3 + -11 - -11?
5
What is the value of (-1 - -2) + (4 + -5 - 5)?
-5
0 + (-7 - (-10 + 5))
-2
Calculate 2 - (1 - -3 - 3) - -4.
5
What is the value of (0 + 3 - 18) + 8 + 0?
-7
Evaluate (-11 - -18) + (3 - 2) + -3.
5
What is -7 + (10 - -12 - 8)?
7
Calculate 0 + 0 - 0 - (-13 + 12).
1
What is 8 + -19 + -2 + 7?
-6
-11 + 4 + (0 - (-5 + 1))
-3
-1 + -8 + 18 + 1 + -4
6
What is -1 + -36 + 14 + 14?
-9
Evaluate -6 - (-3 - (3 - 1)).
-1
3 + -8 + (-2 - 1 - -3)
-5
Calculate (-7 - (-2 + 1)) + (-18 - -20).
-4
1 + -10 + 8 + 9
8
Calculate 0 - (-1 + -2 + -2 + 2).
3
Calculate (2 - 12) + (29 - 14).
5
What is the value of 5 - ((-6 - -7) + 10)?
-6
What is the value of 8 + -3 + -3 - -1?
3
Evaluate -2 + 1 + -1 + 1 + 3.
2
What is the value of (5 - 0) + 1 + -6?
0
Evaluate 2 + 0 - (-6 - -4).
4
What is -4 + (-4 - -4 - 8) - -4?
-8
Evaluate -3 + (0 - (-5 + -1 + 4)).
-1
What is -4 - (10 + -29 + 10)?
5
Evaluate 8 + -1 + -3 - 12 - -10.
2
Evaluate (-9 - (-2 - 12)) + -2 + 2.
5
Calculate 1 - (4 - (-4 - -11 - 1)).
3
Calculate 0 + 4 + -3 + -10 + 6.
-3
Evaluate 22 - 27 - (-4 - -8).
-9
Calculate 9 + -1 + (-10 - 8) + 0.
-10
-9 - (-4 - (0 - 5) - 4)
-6
Evaluate 0 + (4 - 1) + 0 + 2.
5
Calculate -2 + 4 + 0 - 3.
-1
Calculate -4 + (11 - (5 + (4 - 6))).
4
What is (4 + 9 - 6) + -2?
5
What is (6 - 1 - 9) + 5?
1
What is the value of (-8 - -6) + -1 + 6 + -1?
2
Evaluate 4 + -1 + 37 + -34.
6
What is 1 - (2 - (3 - 0 - 1))?
1
Calculate (1 - -5) + -7 + 0 + -7.
-8
(0 - (-7 - -5)) + 0 + 0
2
23 + -20 - (0 + (3 - 5))
5
Evaluate 2 - -3 - 3 - 1.
1
What is the value of -3 + -5 + 4 + 1?
-3
Evaluate (-1 + -3 - -10) + (0 - 11).
-5
What is (-1 - (-2 - 2)) + -15 + 7?
-5
-6 - (-8 + (-3 + 0 - -6))
-1
What is the value of -3 + 9 + (0 - 11)?
-5
What is 1 - (2 - 3) - 0 - -2?
4
-10 + 10 - (-8 - -3 - -1)
4
What is the value of 4 + -6 + 7 + -3?
2
What is (8 - 12) + (-7 - -12)?
1
What is (-1 - (-8 + 11)) + 7 + -1?
2
What is 1 - (-14 - -4) - 7?
4
Calculate -1 - 0 - (-30 + 31).
-2
Calculate -2 + 7 - (7 - (-4 - -1)).
-5
-2 + 0 + -9 + 8
-3
What is -8 + (-20 - -27) + -1 + -3?
-5
Evaluate (-6 - 1) + -2 + 6 + 0.
-3
What is the value of -5 + 20 + -8 + -4?
3
-13 + 7 - -15 - 3
6
What is the value of -10 + (-10 - (10 - 30))?
0
Evaluate 8 + -17 - (3 - 1 - 7).
-4
Calculate 6 + -10 + -7 + 11.
0
What is -9 + 7 + -2 + 7?
3
Calculate -7 + 0 + 15 + -3.
5
Evaluate -1 + -2 - (-3 - (-1 + -4)).
-5
6 + 1 + -14 + 2
-5
Calculate (3 + 1 - -2) + -1.
5
Evaluate 6 - ((4 - (7 - 5)) + -1).
5
What is 7 + (-6 - 4) - -7?
4
What is the value of 5 + -3 - 4 - 2?
-4
What is 1 - (7 - 0 - (11 + -5))?
0
What is -18 + 6 + 18 + -9?
-3
-15 + 18 + -7 + 6
2
What is (-18 - -2) + -10 + 20?
-6
Evaluate 5 + -9 + 7 + 1 + 3.
7
What is the value of 7 + -8 + 0 + (1 - 3)?
-3
What is -7 + 3 + -7 + 9?
-2
What is the value of 72 + -70 + (-1 - 0 - -1)?
2
8 + (-6 - -5) - 8
-1
Evaluate 0 + 0 - ((4 - -2) + -2).
-4
Evaluate (1 - (-1 - 1)) + (8 - 15).
-4
-7 + (-4 - -10) + 2
1
Calculate (-5 - (-4 + 0)) + -3 + -1.
-5
Evaluate (0 - -1) + 1 - (-1 + -2).
5
Calculate 2 + (0 - 1 - -2 - 3).
0
0 + 10 - (-2 - -8)
4
What is the value of (5 - -1) + -4 + (2 - -1)?
5
-54 - -58 - (6 - (-2 - 0))
-4
1 - (-2 - (3 + -4)) - 7
-5
What is the value of (1 - (-1 - 2 - -3)) + 2?
3
Calculate 2 + -2 + (1 - 2).
-1
10 - 10 - (-1 - -3)
-2
What is 3 + 0 - (-7 - -10)?
0
What is the value of 13 - (-3 + 6 + 6)?
4
Calculate (-2 - (3 + -4)) + (-2 - 1).
-4
Evaluate -1 + (4 + 3 - 7 - 7).
-8
What is the value of -7 + (0 - -5 - 3)?
-5
What is the value of 2 + (6 + -8 - 2 - -4)?
2
What is 4 - -1 - (-4 + 14)?
-5
What is -3 - (-1 + -1 + -7)?
6
Calculate -33 + 49 - (5 - (1 + -3)).
9
What is the value of 4 + -4 - (1 - -1)?
-2
2 + -5 + -1 - -2
-2
Evaluate 5 + (8 + -6 + 3 - 5).
5
What is (-7 - 1) + 0 + 11?
3
-16 - -17 - (-1 - -1)
1
What is the value of -2 + -11 + 4 + 5 + -4?
-8
What is the value of 3 - (1 - (-3 + 5)) - 4?
0
1 + -1 + (1 - (5 - 4))
0
What is the value of (1 - -3) + (1 - (9 - 2))?
-2
8 - 2 - (8 + (1 - 3))
0
What is the value of -2 + 11 + -3 - 6?
0
Calculate (-33 - -22) + 9 + 2.
0
What is 1 + (-7 - 0) + 9?
3
Evaluate 3 + -1 + (8 - 5).
5
Evaluate 0 - 0 - (1 - 4).
3
Calculate 0 + (0 - (7 + -3)).
-4
What is the value of -4 + (-5 - -2) + 4 - -6?
3
What is (4 - -2) + -2 + -4 - 5?
-5
What is the value of -1 + (-2 + 0 - -4)?
1
What is 2 + -3 + (3 - 0) + 2?
4
What is 2 - (0 - (-19 + 10))?
-7
Calculate 12 - 7 - (6 - 1).
0
What is -10 + 17 + (-9 - 2)?
-4
-6 - -2 - (9 + -7 - 4)
-2
What is the value of 4 - (2 - (5 + -2))?
5
What is the value of -4 - ((1 - 5) + (0 - 0))?
0
8 + -8 + -4 - -7
3
Evaluate (3 - -1) + -15 + 9 + 3.
1
Evaluate (9 - -1) + -7 + -9.
-6
Evaluate -7 - (1 + -5 - 7).
4
What is -2 + 0 + -3 + (0 - -2)?
-3
Evaluate 2 + (-1 - -2) + (0 - 3).
0
-1 - -4 - (11 + -3)
-5
Evaluate 1 + 0 + (-4 - 2).
-5
Evaluate (-5 - 0) + 15 + -12.
-2
What is 0 + -5 + (3 - 0 - 0)?
-2
1 + 5 + 0 + (101 - 100)
7
What is the value of (-4 - (8 + 7)) + 8 - -2?
-9
What is (0 - 0) + 2 - (0 + 7)?
-5
Evaluate 2 + -1 - (-14 - (-23 + 13)).
5
What is (-2 + 3 + -5 - -2) + 5?
3
What is the value of -3 + (1 - -2) - 2?
-2
Calculate 3 - (4 - 4 - (1 - 0)).
4
What is 1 + (-3 - ((-7 - -14) + -5))?
-4
-1 + 1 - (5 - 6 - 4)
5
Calculate 0 - 3 - (-7 + 4) - -4.
4
-13 - (-2 - -10 - 17)
-4
What is -1 + 2 + -9 + 1 + 13?
6
Evaluate 1 - 1 - (0 + -6 + 10).
-4
(5 - 9) + (2 - -5)
3
What is the value of -3 + (6 - 1 - 0)?
2
(-12 - (-15 + 4)) + 10
9
What is the value of 1 - 9 - (4 + -10 + 5)?
-7
Evaluate -19 + 18 - (-2 + 3 - 0).
-2
Evaluate 5 + (-4 - (1 - (4 - 0))).
4
Evaluate -3 + -2 + 7 + -4.
-2
(6 - 0) + 8 + 0 + -6
8
What is the value of -4 - (-7 + -4 + 0)?
7
What is -116 + 98 + 11 + 2?
-5
Evaluate -1 - (-1 + 1 + -3) - 6.
-4
What is the value of 4 - (3 + 0 + -2)?
3
(-1 - 2) + 4 - (1 - 0)
0
What is the value of (3 - (-3 + -1 + 5)) + -4?
-2
What is (2 - (1 - 0)) + -6?
-5
Evaluate (-2 - -8 - 0) + 2 